t g(n) = 2*n + 6. Let h(o) = -3*c(o) - 2*g(o). Let j be h(-2). Let m = 114 + -79. What is the greatest common divisor of m and j?
5
Let h(y) = -13*y**2 - 7*y + 10. Let m(o) = -11*o**2 - 6*o + 9. Let x(p) = 5*h(p) - 6*m(p). Let b be x(3). What is the highest common factor of b and 216?
8
Let p be 0 + -15 - (-95 + 54). What is the highest common factor of p and 68?
2
Let u(l) = 47*l**2 + 7*l - 15. Let t be u(10). Calculate the greatest common divisor of 15 and t.
15
Suppose 2*c = -g + 278, -4*g - 51 = 5*c - 749. What is the highest common divisor of 1311 and c?
69
Let f = 3937 + -3933. What is the highest common factor of 1568 and f?
4
Let o be ((-12)/8 - 2)/((-25)/300). What is the greatest common factor of 168 and o?
42
Suppose 2890*s + 468 = 2899*s. What is the highest common factor of 1027 and s?
13
Suppose 2*z + 10842 = 5*f, 3*f + z - 192 = 6300. Calculate the highest common divisor of f and 76.
38
Let f be 12*12/36 + 14. What is the highest common divisor of 3546 and f?
18
Suppose -4*g = -2 - 6. Suppose -g*r - 7*r = -162. Calculate the greatest common factor of 36 and r.
18
Let w = 326 + -95. Let v = 6652 - 6631. Calculate the highest common divisor of v and w.
21
Let g be 4/7 + 16642 + (17 - 1856/112). Calculate the greatest common divisor of g and 187.
187
Suppose 2*j - 820 = -18*j. Suppose n - 3 = -n + x, 5*x - j = -4*n. Calculate the highest common divisor of n and 22.
2
Let i be -3*(-40)/(-48)*-2. Let n(q) = 93*q. Let r be n(2). Suppose r = -i*s + 906. Calculate the highest common factor of s and 16.
16
Let m(j) = j**2 + 6*j - 4. Suppose -n = 4*n + 50. Let q be m(n). Suppose 35*w = -3*w + 3420. What is the highest common divisor of q and w?
18
Let f be 86/30 - 96/(-720). Suppose f*j + 53 = l + 82, -15 = 3*l. What is the greatest common factor of j and 104?
8
Suppose -10*s + 195 = -7*s. Suppose 2*t + s = 79. Calculate the highest common divisor of 56 and t.
7
Let u(j) = 3*j - 10. Let a be u(4). Let t(l) = 7*l + 6. Let p be t(a). Let o = -38 - -46. Calculate the highest common factor of o and p.
4
Let d = 2814 - 1774. Calculate the highest common factor of d and 9490.
130
Let q = -825 - -834. Calculate the greatest common factor of 1251 and q.
9
Let b(o) = -o**3 - 79*o**2 + 155*o - 315. Let g be b(-81). What is the greatest common divisor of g and 8748?
36
Suppose -130*y + 128*y = 3*v - 765, -y - 1236 = -5*v. What is the highest common divisor of v and 7802?
83
Let w = 10480 + -10432. Calculate the highest common divisor of 1380 and w.
12
Suppose -27*h + 19*h + 40 = 0. Let q(o) = 4*o**2 + 30*o - 9. Let x be q(-11). What is the highest common divisor of x and h?
5
Let w be (-312*6/(-9))/2. Suppose 1815 = -99*p + w*p. Calculate the greatest common divisor of 33 and p.
33
Let d be (-2406)/(-30) - (-4)/5. Let h(k) = -2*k**3 - k**2 + 3*k + 3. Let v = -9 - -7. Let a be h(v). Calculate the greatest common factor of a and d.
9
Let j be (-30)/(-195) - 50/(-13). Let a be (j - 0)*(-13)/(-4). Calculate the greatest common factor of 559 and a.
13
Let i = 984 - 1531. Let p = i - -794. Let d be 0 + p + -2 + -2. Calculate the highest common factor of d and 27.
27
Let j be 131 + -122 + 48/2. Suppose -2*b = -m - j, -3*m = 3*b - 6*m - 54. What is the highest common factor of 420 and b?
15
Suppose -2*t = 2*t - 120. Suppose -16*v = -42*v + 10006 - 1426. What is the greatest common factor of t and v?
30
Let h = -3730 - -4148. What is the greatest common divisor of h and 66?
22
Suppose -119 = 4*n + 3*y + 225, 3*n = 3*y - 279. Let u be (4/2*-1 - n) + 1. Let t = -17 - -28. What is the greatest common divisor of u and t?
11
Let y be 796 + 6 + (3 - 8) + 3. What is the greatest common factor of y and 75?
25
Let g(o) = o + 3. Let a be g(1). Suppose j + a*z - 19 = -0*z, j + z - 16 = 0. Calculate the highest common divisor of j and 30.
15
Suppose 7*n = n - 24. Let b be (4 - 2)*(-2)/8*n. Let y be (-15)/90 + b*(-31)/(-12). What is the highest common factor of y and 45?
5
Suppose 31 = -y + 39. Let c(h) = -2*h + 45. Let g be c(y). Calculate the highest common divisor of g and 319.
29
Suppose 1292*a - 1268*a = 48. Let f be (-2)/(-2)*39 + 1. What is the highest common factor of f and a?
2
Let p = 88 - -266. Suppose p = -5*c + 54. Let j be (3*(-64)/c)/((-2)/(-30)). Calculate the greatest common divisor of 16 and j.
16
Let u(r) = r**3 + 12*r**2 + 21*r + 22. Suppose 33 = -2*j - 5*c, c - 21 = 4*j - 4*c. Let f be u(j). What is the highest common factor of 38 and f?
38
Suppose -y = -2*f - 2*y + 32, 3*f = 2*y + 34. Suppose -f*h = -12*h - 28. Let n be 205/(-20)*-4 + 1. Calculate the greatest common factor of h and n.
14
Suppose -5*i + 2726 = -154. Let z be 3 + (-3325)/(-65) - 12/78. What is the highest common divisor of i and z?
18
Let g(x) = -4*x**2 - 83*x + 25. Let c be g(-21). Suppose -c*s + 258 = -126. Calculate the greatest common divisor of s and 6.
6
Let r(k) = k**2 - 16*k + 78. Let u be r(8). Calculate the highest common factor of u and 3010.
14
Let y be (5302/(-138) - (-144)/1656)*18/(-10). What is the greatest common factor of y and 276?
69
Let y(x) = 54*x**2 - 12*x - 28. Let b be y(-3). Calculate the highest common divisor of 304 and b.
38
Let j(r) = -4 - r**2 - 2 + 8*r + 0 - 16*r. Let l be j(-3). What is the highest common divisor of 45 and l?
9
Let g(q) = -6*q**2 - 130*q + 102. Let z be g(-21). Calculate the highest common divisor of 2511 and z.
93
Suppose -2*k - 3*j = 2*k - 156, 3*k = 3*j + 96. Suppose 24*w + 24 = 26*w + 2*t, 2*t + 8 = 0. Calculate the greatest common divisor of w and k.
4
Let f = -7112 + 7135. What is the greatest common factor of f and 1403?
23
Let r = 200 - 195. Let j be (r/(-15))/((-4)/96). Calculate the greatest common divisor of j and 36.
4
Let m(a) = -a**3 + 28*a**2 + 62*a - 34. Let l be m(30). Let i = 373 + -22. Calculate the greatest common factor of l and i.
13
Let w(v) = -12*v**2 - 7*v - 12. Let r(x) = -x**2 - x. Let u(f) = 22*r(f) - 2*w(f). Let m be u(4). Calculate the greatest common divisor of m and 60.
12
Suppose -a = -y - 40 - 645, 5*a + 3*y = 3465. Let i(b) = -b**3 - 9*b**2 + 441*b + 63. Let s be i(17). What is the highest common factor of a and s?
46
Suppose 14*o + 266 = -5*o. Let t be o + 8 + -1 + 27. Calculate the greatest common factor of 68 and t.
4
Let k be 550 + ((-9)/9 - -4). What is the greatest common divisor of 1027 and k?
79
Let x be (-6)/72*(-3268)/3 - 462/(-2079). Suppose -3*a + 5*l + 62 = 9, -3*l = -2*a + 37. Calculate the highest common factor of a and x.
13
Let r be 3/(4/6 + 17/(-12)). Let l be -14 - r/1 - 0/(-2). Let o be (l/(-20))/(1/(-148)*-1). Calculate the greatest common factor of o and 111.
37
Let p(l) = -l**3 + 3*l**2 + 7*l - 14. Let w be p(2). Suppose -4*u - b + 3*b + 356 = 0, -4*u + 352 = -w*b. Calculate the highest common divisor of 60 and u.
30
Let b = 41 + -3. Let o(a) = -a**2 - 180*a + 4019. Let w be o(-200). Calculate the greatest common divisor of b and w.
19
Let c be ((-24)/(-10))/((-1581)/(-315) - 5). Calculate the greatest common divisor of 2478 and c.
42
Let f = -1680 - -1929. What is the greatest common factor of 1328 and f?
83
Let j be (29841/15 + -3)/(13/1365*14). Calculate the greatest common divisor of j and 78.
78
Suppose -6*w + 8 = -4. Let o be w*((-3)/4 + (-1)/4). Let n(v) = -v**3 + 3*v**2 + 6*v + 4. Let s be n(o). Calculate the greatest common divisor of 108 and s.
12
Let s = 457 + -451. Let d = 214 - 120. Suppose -d = -s*f - 22. Calculate the greatest common divisor of f and 8.
4
Let z = 8345 - 8194. What is the greatest common factor of z and 9211?
151
Let h(d) = 9*d**2 + 41*d + 478. Let l be h(20). Calculate the highest common divisor of l and 310.
62
Let t = -46 - -39. Let c(s) = -s + 13. Let o be c(t). Suppose -2*f - 5*l + o = 0, 7*f - 2*f - 2*l = 79. Calculate the highest common divisor of 30 and f.
15
Suppose 0 = 5*l + 13 + 12. Suppose 196 = 17*b - 195. Let a = b - l. Calculate the highest common factor of a and 4.
4
Let x = -556 - -870. Suppose 10 = 2*z - x. What is the highest common divisor of 108 and z?
54
Suppose -1392 = -7*u + 1443. Suppose 0 = -61*o + 62*o - u. What is the highest common divisor of o and 3?
3
Let t(r) = 76*r**2 - 34. Let n be t(-6). What is the greatest common divisor of 14 and n?
14
Let s be 3*-1*(1110/(-18) + -5). Calculate the highest common divisor 